{"id":43,"date":"2026-02-25T12:32:00","date_gmt":"2026-02-25T11:32:00","guid":{"rendered":"https:\/\/cu-id.com\/2109\/?page_id=43"},"modified":"2026-02-25T12:54:58","modified_gmt":"2026-02-25T11:54:58","slug":"inicio","status":"publish","type":"page","link":"https:\/\/cu-id.com\/2109\/","title":{"rendered":"Inicio"},"content":{"rendered":"\n<p id=\"cu-id\">La revista Fitosanidad con e-ISSN: 1818-1686 | p-ISSN: 1562-3009 y e-RNPS: 2109 | p-RNPS: 0378, es fundada en 1999, es editada por el Instituto de Investigaciones de Sanidad Vegetal de Cuba. Est\u00e1 compuesta por un volumen anual bajo el sistema de publicaci\u00f3n continuo (enero-diciembre) para aumentar la inmediatez de sus publicaciones. Desde su fundaci\u00f3n, devino publicaci\u00f3n de competencia en el \u00e1rea de la sanidad vegetal. Publica investigaciones originales e in\u00e9ditas en espa\u00f1ole ingl\u00e9s devenidas como art\u00edculos originales, comunicaciones cortas y art\u00edculos de revisi\u00f3n, en las especialidades de entomolog\u00eda, micolog\u00eda, virolog\u00eda, bacteriolog\u00eda, fitopatolog\u00eda, malezas, taxonom\u00eda, biolog\u00eda de plagas, m\u00e9todos de diagn\u00f3stico, nuevos reportes de plagas, protecci\u00f3n de cultivos; control qu\u00edmico y biol\u00f3gico, tecnolog\u00edas de reproducci\u00f3n de especies ben\u00e9ficas, antagonistas y metabolitos con actividad biol\u00f3gica; en los campos de cuarentena vegetal; interacci\u00f3n pat\u00f3geno-hospedante y resistencia gen\u00e9tica; pr\u00e1cticas culturales; eficacia qu\u00edmica, impacto ambiental y residuos de plaguicidas, ecolog\u00eda, epidemiolog\u00eda y pron\u00f3stico de plagas, medios y m\u00e9todos de aplicaci\u00f3n de plaguicidas, manejo de plagas y biolog\u00eda molecular. Todos los documentos enviados son sometidos a un proceso de revisi\u00f3n por pares, a doble ciego, y emplea Open Journal Systems para gestionar sus contenidos en l\u00ednea. Esta revista provee acceso gratis, libre e inmediato a su contenido, para fomentar mayor intercambio de conocimiento global. No establece per\u00edodos de embargo, ni cobra ning\u00fan arancel vinculado con el proceso de evaluaci\u00f3n de pares, procesamiento o publicaci\u00f3n de los documentos. Aquellos autores que tengan publicaciones en esta revista, aceptan los t\u00e9rminos de la <a href=\"https:\/\/creativecommons.org\/licenses\/by-nc\/4.0\" target=\"_blank\" rel=\"noreferrer noopener\">Licencia CC Reconocimiento-NoComercial 4.0 Internacional (CC BY-NC 4.0)<\/a>, bajo los cuales ser\u00e1n difundidos todos sus contenidos.<\/p>\n\n\n\n<p id=\"cu-id\"><strong>URL persistente:<\/strong> <a href=\"https:\/\/cu-id.com\/2109\/1818-1686\" target=\"_blank\" rel=\"noreferrer noopener\">https:\/\/cu-id.com\/2109\/1818-1686<\/a><\/p>\n\n\n\n<p id=\"cu-id\"><strong>URL actual:<\/strong> <a href=\"https:\/\/fitosanidad.edicionescervantes.com\/index.php\/fitosanidad\" target=\"_blank\" rel=\"noreferrer noopener\">https:\/\/fitosanidad.edicionescervantes.com<\/a><\/p>\n\n\n\n<p id=\"cu-id\"><strong>Sitio en Cu-iD:<\/strong> <a href=\"https:\/\/cu-id.com\/2109\" target=\"_blank\" rel=\"noreferrer noopener\">https:\/\/cu-id.com\/2109<\/a><\/p>\n\n\n\n<p id=\"cu-id\"><a href=\"https:\/\/fitosanidad.edicionescervantes.com\/index.php\/fitosanidad\/guidelines\" target=\"_blank\" rel=\"noreferrer noopener\">Directrices<\/a> | <a href=\"https:\/\/fitosanidad.edicionescervantes.com\/index.php\/fitosanidad\/copyright\" target=\"_blank\" rel=\"noreferrer noopener\">Licencia<\/a> | <a href=\"https:\/\/fitosanidad.edicionescervantes.com\/index.php\/fitosanidad\/issue\/current\" target=\"_blank\" rel=\"noreferrer noopener\">N\u00famero actual<\/a> | <a href=\"mailto:cervantes@edicionescervantes.com\" target=\"_blank\" rel=\"noreferrer noopener\">E-mail<\/a> | <a href=\"https:\/\/wa.me\/5355652279\" target=\"_blank\" rel=\"noreferrer noopener\">WhatsApp<\/a> | <a href=\"https:\/\/fitosanidad.edicionescervantes.com\/index.php\/fitosanidad\/oai\" target=\"_blank\" rel=\"noreferrer noopener\">OAI<\/a><\/p>\n","protected":false},"excerpt":{"rendered":"<p>La revista Fitosanidad con e-ISSN: 1818-1686 | p-ISSN: 1562-3009 y e-RNPS: 2109 | p-RNPS: 0378, es fundada en 1999, es editada por el Instituto de&hellip; <\/p>\n","protected":false},"author":1,"featured_media":0,"parent":0,"menu_order":0,"comment_status":"closed","ping_status":"closed","template":"inicio.php","meta":{"footnotes":""},"class_list":["post-43","page","type-page","status-publish","hentry"],"_links":{"self":[{"href":"https:\/\/cu-id.com\/2109\/wp-json\/wp\/v2\/pages\/43","targetHints":{"allow":["GET"]}}],"collection":[{"href":"https:\/\/cu-id.com\/2109\/wp-json\/wp\/v2\/pages"}],"about":[{"href":"https:\/\/cu-id.com\/2109\/wp-json\/wp\/v2\/types\/page"}],"author":[{"embeddable":true,"href":"https:\/\/cu-id.com\/2109\/wp-json\/wp\/v2\/users\/1"}],"replies":[{"embeddable":true,"href":"https:\/\/cu-id.com\/2109\/wp-json\/wp\/v2\/comments?post=43"}],"version-history":[{"count":3,"href":"https:\/\/cu-id.com\/2109\/wp-json\/wp\/v2\/pages\/43\/revisions"}],"predecessor-version":[{"id":49,"href":"https:\/\/cu-id.com\/2109\/wp-json\/wp\/v2\/pages\/43\/revisions\/49"}],"wp:attachment":[{"href":"https:\/\/cu-id.com\/2109\/wp-json\/wp\/v2\/media?parent=43"}],"curies":[{"name":"wp","href":"https:\/\/api.w.org\/{rel}","templated":true}]}}