{"id":167,"date":"2024-06-16T06:53:59","date_gmt":"2024-06-16T06:53:59","guid":{"rendered":"https:\/\/cu-id.com\/2377\/?page_id=167"},"modified":"2026-02-19T08:21:29","modified_gmt":"2026-02-19T08:21:29","slug":"inicio","status":"publish","type":"page","link":"https:\/\/cu-id.com\/2377\/","title":{"rendered":"Inicio"},"content":{"rendered":"\n<p>La Revista Cubana de Meteorolog\u00eda es una publicaci\u00f3n acad\u00e9mica seriada dirigida a especialistas, investigadores, profesores y estudiantes de todo el mundo, que tiene como objetivo de divulgar los resultados cient\u00edficos obtenidos en el campo de las Ciencias Meteorol\u00f3gicas, as\u00ed como los servicios cient\u00edfico-t\u00e9cnico especializados a escala local, nacional, regional y global. Publica trabajos originales e in\u00e9ditos que no est\u00e9n postulados simult\u00e1neamente en otras revistas u \u00f3rganos editoriales en forma de art\u00edculos cient\u00edficos, comunicaciones cortas, revisiones bibliogr\u00e1ficas, notas t\u00e9cnicas, puntos de vista, rese\u00f1as, cartas al editor, set de datos, e informes t\u00e9cnicos sobre las siguientes tem\u00e1ticas: Pron\u00f3sticos (Evoluci\u00f3n del Estado del Tiempo y sobre Fen\u00f3menos Meteorol\u00f3gicos de gran impacto); Meteorolog\u00eda Marina; Meteorolog\u00eda Agr\u00edcola; Contaminaci\u00f3n y Qu\u00edmica de la Atm\u00f3sfera; F\u00edsica de la Atm\u00f3sfera; Cambio Clim\u00e1tico; Sistema de Vigilancia Meteorol\u00f3gica; Sistemas de Vigilancia del Clima y de la Calidad del Aire; Sistemas de Monitoreo de la Sequ\u00eda; Inform\u00e1tica Aplicada a la Ciencia Meteorol\u00f3gica; Innovaci\u00f3n y Transferencia Tecnol\u00f3gica.<\/p>\n\n\n\n<p><strong>URL persistente:<\/strong> <a href=\"https:\/\/cu-id.com\/2377\/2664-0880\" target=\"_blank\" rel=\"noreferrer noopener\">https:\/\/cu-id.com\/2377\/2664-0880<\/a><\/p>\n\n\n\n<p><strong>URL actual:<\/strong> <a href=\"http:\/\/rcm.insmet.cu\" target=\"_blank\" rel=\"noreferrer noopener\">http:\/\/rcm.insmet.cu<\/a><\/p>\n\n\n\n<p><strong>Cu-iD:<\/strong> <a href=\"https:\/\/cu-id.com\/2377\" target=\"_blank\" rel=\"noreferrer noopener\">https:\/\/cu-id.com\/2377<\/a><\/p>\n\n\n\n<p><a href=\"http:\/\/rcm.insmet.cu\/index.php\/rcm\/guidelines\" target=\"_blank\" rel=\"noreferrer noopener\">Directrices<\/a> | <a href=\"http:\/\/rcm.insmet.cu\/index.php\/rcm\/copyright\" target=\"_blank\" rel=\"noreferrer noopener\">Licencia<\/a> | <a href=\"http:\/\/rcm.insmet.cu\/index.php\/rcm\/issue\/current\" target=\"_blank\" rel=\"noreferrer noopener\">N\u00famero actual<\/a> | <a href=\"mailto:cervantes@edicionescervantes.com\" target=\"_blank\" rel=\"noreferrer noopener\">E-mail<\/a> | <a href=\"https:\/\/wa.me\/5355652279\" target=\"_blank\" rel=\"noreferrer noopener\">WhatsApp<\/a> | <a href=\"http:\/\/rcm.insmet.cu\/index.php\/rcm\/oai\" target=\"_blank\" rel=\"noreferrer noopener\">OAI<\/a><\/p>\n","protected":false},"excerpt":{"rendered":"<p>La Revista Cubana de Meteorolog\u00eda es una publicaci\u00f3n acad\u00e9mica seriada dirigida a especialistas, investigadores, profesores y estudiantes de todo el mundo, que tiene como objetivo&hellip; <\/p>\n","protected":false},"author":1,"featured_media":0,"parent":0,"menu_order":0,"comment_status":"closed","ping_status":"closed","template":"inicio.php","meta":{"footnotes":""},"class_list":["post-167","page","type-page","status-publish","hentry"],"_links":{"self":[{"href":"https:\/\/cu-id.com\/2377\/wp-json\/wp\/v2\/pages\/167","targetHints":{"allow":["GET"]}}],"collection":[{"href":"https:\/\/cu-id.com\/2377\/wp-json\/wp\/v2\/pages"}],"about":[{"href":"https:\/\/cu-id.com\/2377\/wp-json\/wp\/v2\/types\/page"}],"author":[{"embeddable":true,"href":"https:\/\/cu-id.com\/2377\/wp-json\/wp\/v2\/users\/1"}],"replies":[{"embeddable":true,"href":"https:\/\/cu-id.com\/2377\/wp-json\/wp\/v2\/comments?post=167"}],"version-history":[{"count":7,"href":"https:\/\/cu-id.com\/2377\/wp-json\/wp\/v2\/pages\/167\/revisions"}],"predecessor-version":[{"id":262,"href":"https:\/\/cu-id.com\/2377\/wp-json\/wp\/v2\/pages\/167\/revisions\/262"}],"wp:attachment":[{"href":"https:\/\/cu-id.com\/2377\/wp-json\/wp\/v2\/media?parent=167"}],"curies":[{"name":"wp","href":"https:\/\/api.w.org\/{rel}","templated":true}]}}